a80c9
In base 8, what is -2526 + 44?
-2462
In base 3, what is -1201122200 + -111001100?
-2012201000
In base 13, what is 173a39 + -31?
173a08
In base 16, what is 13 + -a043?
-a030
In base 6, what is -50440435 + 155?
-50440240
In base 12, what is 27 - -5b75030?
5b75057
In base 8, what is -444662 - 1344?
-446226
In base 8, what is 14337057 + -13?
14337044
In base 8, what is -7 + -33337144?
-33337153
In base 8, what is 2724424 - 4?
2724420
In base 4, what is 10210201230 + -1133?
10210200031
In base 11, what is 374 + -46a53?
-4668a
In base 9, what is 246 - -451557?
451814
In base 8, what is -510265 - 34?
-510321
In base 6, what is -2251 + -3102?
-5353
In base 13, what is 5c3ca44 - 25?
5c3ca1c
In base 3, what is 2012 - -2021000002?
2021002021
In base 12, what is -9517a2 - 45?
-951827
In base 8, what is -10177 + 14621?
4422
In base 6, what is 12 - 3414554?
-3414542
In base 10, what is 10 + -458274?
-458264
In base 14, what is -5 + 3048a409?
3048a404
In base 11, what is -282 - -2595001?
259482a
In base 13, what is -7 - 6b3cb8?
-6b3cc2
In base 15, what is -485 + -13a52?
-13ed7
In base 4, what is 220 + -3011300033?
-3011233213
In base 2, what is 101000001 + 10100010000101000?
10100010101101001
In base 15, what is 2ca - -75146?
75421
In base 8, what is -4 + -21372767?
-21372773
In base 6, what is 0 - -134511414?
134511414
In base 15, what is a6290 - 2?
a628d
In base 2, what is -100101000110110110010011110 - 0?
-100101000110110110010011110
In base 14, what is 6 + 284adb1?
284adb7
In base 15, what is -a2b40 - -a?
-a2b35
In base 16, what is 5ac6 - -e86?
694c
In base 12, what is a939a2 - -30?
a93a12
In base 2, what is 1100100001000011000101 - -10101?
1100100001000011011010
In base 16, what is -154758 - -18?
-154740
In base 12, what is 97bb52 + a?
97bb60
In base 11, what is 4 - -2293a99?
2293aa2
In base 5, what is -1144002 + 3201?
-1140301
In base 11, what is 220636419 - 2?
220636417
In base 11, what is 415 + -29a?
126
In base 2, what is 111010001000111100011 - 10?
111010001000111100001
In base 5, what is -102 - 21223231321?
-21223231423
In base 16, what is 3 - -377afb8?
377afbb
In base 3, what is -102212021101220 + -12?
-102212021102002
In base 4, what is 1313232213 + -13222?
1313212331
In base 14, what is -1aa0 + 2645c?
2479c
In base 5, what is -43040 - -100434?
2344
In base 15, what is -4 - 27da1b?
-27da20
In base 8, what is 74 + 112624?
112720
In base 15, what is 2575 + -90b7?
-6a42
In base 2, what is -11001101010011101 + 100111?
-11001101001110110
In base 3, what is -120201 + -11202021?
-12022222
In base 4, what is 1103103012 + 10021?
1103113033
In base 5, what is -110023421 - -344?
-110023022
In base 2, what is -1010101001110011101011 + -110?
-1010101001110011110001
In base 15, what is -51 - 209e8?
-20a49
In base 14, what is -c2846b - 1?
-c2846c
In base 6, what is 3 - 1433512140?
-1433512133
In base 11, what is -2017a7 - 90?
-201887
In base 8, what is 1 - -1177774570?
1177774571
In base 14, what is 25a2 - 108?
2498
In base 4, what is -3132311011100 - 10?
-3132311011110
In base 13, what is -1 + 221c?
221b
In base 13, what is 41 - 2198a4?
-219863
In base 12, what is -20 - -6b19a?
6b17a
In base 5, what is 13440 - 101432?
-32442
In base 2, what is -11101101010001100101 + 100000001?
-11101101001101100100
In base 14, what is 11 + 234c34?
234c45
In base 3, what is 2011012221101 - -20020?
2011020011121
In base 7, what is -626260 - -6?
-626251
In base 2, what is 10010010111 - -111010111111?
1001101010110
In base 9, what is 14 - 16582844?
-16582830
In base 14, what is -65c828 - -7?
-65c821
In base 3, what is -1 + 220100012122101?
220100012122100
In base 6, what is -2354334041 + 3?
-2354334034
In base 3, what is 22010200 + 2200112?
101211012
In base 3, what is -201210110211101 + -10?
-201210110211111
In base 3, what is 1 - -2102220002211?
2102220002212
In base 13, what is -12 + -267a307?
-267a319
In base 16, what is -48 - -9a3a0?
9a358
In base 9, what is 34876607 - -5?
34876613
In base 9, what is -373046487 + 2?
-373046485
In base 2, what is 10010110100011110100110010 + -1011?
10010110100011110100100111
In base 6, what is 41 - -25514002?
25514043
In base 9, what is 23525746 - -5?
23525752
In base 7, what is 265 - -50263?
50561
In base 14, what is 22db5 + -a5?
22d10
In base 10, what is -128896 - 14?
-128910
In base 3, what is 10221120020121 - 200111?
10221112120010
In base 8, what is 1 + -1427633?
-1427632
In base 5, what is -210 - 211214012?
-211214222
In base 10, what is -3142 + -10027?
-13169
In base 3, what is -1011202112 + 220021?
-1010212021
In base 14, what is 1bcc4c6 - 4?
1bcc4c2
In base 4, what is -2302032 - 2212?
-2310310
In base 2, what is -10 + 11110100011000010101?
11110100011000010011
In base 5, what is -121 + 1440003320?
1440003144
In base 7, what is 3 + 105141051?
105141054
In base 14, what is -172aa2 + 44c?
-172654
In base 11, what is 351 + -24124a?
-2409a9
In base 15, what is -125c - 4e2?
-174e
In base 14, what is -37 - 1d9c1bc?
-1d9c215
In base 7, what is -1350 + 136422?
135042
In base 5, what is 2 + -33330440?
-33330433
In base 5, what is -1421320 - -1002420?
-413400
In base 16, what is -fdf5 - 2ac8?
-128bd
In base 5, what is -2041212031214 + 4?
-2041212031210
In base 11, what is -533830 - a?
-53383a
In base 8, what is 1635215 - -15?
1635232
In base 5, what is -1123 - -33114?
31441
In base 11, what is 70a76a60 - 4?
70a76a57
In base 14, what is 5 + -4170c8?
-4170c3
In base 10, what is 2739 - -73005?
75744
In base 3, what is 21 + 1022202002201002?
1022202002201100
In base 8, what is 61505456 - -1?
61505457
In base 10, what is -167734 + -58?
-167792
In base 12, what is 4b8 - -21990?
22288
In base 7, what is -6160054134 - 1?
-6160054135
In base 10, what is 40 - -728440?
728480
In base 14, what is -1a968c - -b1?
-1a95bb
In base 12, what is b7a + 20bb?
3079
In base 4, what is -21211332 - -21101?
-21130231
In base 14, what is -5a - 268a09?
-268a65
In base 15, what is -75a - 158b0?
-1611a
In base 4, what is -11 + 1000103023312?
1000103023301
In base 3, what is -12 + -1100221111021022?
-1100221111021111
In base 2, what is -100101001101001 + 10001101?
-100100111011100
In base 13, what is 207 - -ab70?
b077
In base 2, what is -101001101111011011011001 - 0?
-101001101111011011011001
In base 11, what is -425 - -387086?
386761
In base 3, what is 222220 - -10020020220210?
10020021220200
In base 8, what is -1203 + 357530?
356325
In base 12, what is -3 + -3007094?
-3007097
In base 12, what is -4807b + 2163?
-45b18
In base 4, what is 110212220 + 1233?
110220113
In base 15, what is 200235e0 - -2?
200235e2
In base 2, what is 1010 - 101111000100001100011?
-101111000100001011001
In base 5, what is -4001230124310 - 1?
-4001230124311
In base 8, what is 407602653 - -5?
407602660
In base 2, what is -10111001001010010001111000 - -1?
-10111001001010010001110111
In base 3, what is 202012122 + -2120221?
122121201
In base 14, what is -2dc4a36a - -3?
-2dc4a367
In base 3, what is 100020012 - -102111?
100122200
In base 13, what is 0 + 11175879?
11175879
In base 5, what is 323103 - -303141?
1131244
In base 8, what is -165 - 44015075?
-44015262
In base 5, what is -12330104140 - 3?
-12330104143
In base 9, what is -837765 + -2041?
-840816
In base 15, what is -8 - -192175?
19216c
In base 2, what is -1100011 + -10110101111100011?
-10110110001000110
In base 11, what is 29 + 2009863?
2009891
In base 4, what is 13 - 3102010210?
-3102010131
In base 7, what is 0 - 561611022?
-561611022
In base 8, what is 64 - 6306034?
-6305750
In base 11, what is 3785 - 481?
3304
In base 11, what is 53172 - -77?
53239
In base 11, what is 274 + 297004?
297278
In base 14, what is -c282 - 116?
-c398
In base 13, what is 563a7 - -10?
563b7
In base 15, what is -1609e9 + db?
-16090d
In base 14, what is -133cbc27 - 1?
-133cbc28
In base 15, what is 4 + ac6d04?
ac6d08
In base 11, what is -4 - -98383296?
98383292
In base 5, what is -1203320121 - 222?
-1203320343
In base 9, what is 5 - 6767843?
-6767837
In base 7, what is 2004 + 523216?
525223
In base 4, what is -121 + -21032310002?
-21032310123
In base 10, what is 719998 - 1093?
718905
In base 13, what is 15222a3 + 3?
15222a6
In base 6, what is -102 + -1020433?
-1020535
In base 8, what is 163 + 13260346?
13260531
In base 3, what is 1001121212211102002 + 11?
10011